{"id":1153,"date":"2017-11-07T17:52:53","date_gmt":"2017-11-07T17:52:53","guid":{"rendered":"http:\/\/arroyofloristeria.com\/?page_id=1153"},"modified":"2021-11-29T10:16:15","modified_gmt":"2021-11-29T09:16:15","slug":"bodas-y-eventos","status":"publish","type":"page","link":"https:\/\/arroyofloristeria.com\/ca\/bodas-y-eventos\/","title":{"rendered":"Bodes i esdeveniments"},"content":{"rendered":"<p>[vc_row][vc_column][vc_column_text]<\/p>\n<h1 style=\"text-align: center;\">A FLORISTERIA ARROYO CADA BODA I ESDEVENIMENT \u00c9S DIFERENT.<\/h1>\n<p>[\/vc_column_text][vc_empty_space][vc_column_text]<\/p>\n<p style=\"text-align: center;\">Els dissenys que creguem per a les teves noces s\u00f3n diferents i especials.<\/p>\n<p style=\"text-align: center;\">Ens adaptem a tu, a l&#8217;espai que has triat i als teus gustos, posem els nostres 50anys<br \/>\nd&#8217;experi\u00e8ncia a la teva disposici\u00f3 perqu\u00e8 el teu dia sigui inoblidable i \u00fanic.<br \/>\nCada client \u00e9s diferent i requereix de tota nostra atenci\u00f3, ens bolquem que tot sigui un<br \/>\n\u00e8xit.<br \/>\nPer aix\u00f2 \u00e9s important que per a tenir un primer canvi d&#8217;impressions amb nosaltres, et posis<br \/>\nen contacte amb nosaltres , en els tel\u00e8fons 973244443, 973232769 i concertis una cita.<br \/>\nEt vam mostrar unes fotos de rams de n\u00favia i alguna decoraci\u00f3 de cerim\u00f2nia.<br \/>\nGr\u00e0cies per confiar en nosaltres. Paloma Arroyo.<\/p>\n<p>[\/vc_column_text][vc_empty_space][\/vc_column][\/vc_row][vc_row][vc_column width=&#8221;1\/3&#8243;][vc_single_image image=&#8221;4317&#8243; img_size=&#8221;large&#8221;][vc_empty_space][vc_single_image image=&#8221;3152&#8243; img_size=&#8221;large&#8221;][\/vc_column][vc_column width=&#8221;1\/3&#8243;][vc_single_image image=&#8221;3150&#8243; img_size=&#8221;large&#8221;][vc_empty_space][vc_single_image image=&#8221;3154&#8243; img_size=&#8221;large&#8221;][\/vc_column][vc_column width=&#8221;1\/3&#8243;][vc_single_image image=&#8221;3151&#8243; img_size=&#8221;large&#8221;][vc_empty_space][vc_single_image image=&#8221;4316&#8243; img_size=&#8221;large&#8221;][\/vc_column][\/vc_row]<\/p>","protected":false},"excerpt":{"rendered":"<p>[vc_row][vc_column][vc_column_text] A FLORISTERIA ARROYO CADA BODA I ESDEVENIMENT \u00c9S DIFERENT. [\/vc_column_text][vc_empty_space][vc_column_text] Els dissenys que creguem per a les teves noces s\u00f3n diferents i especials. Ens adaptem a tu, a l&#8217;espai que has triat i als teus gustos, posem els nostres 50anys d&#8217;experi\u00e8ncia a la teva disposici\u00f3 perqu\u00e8 el teu dia sigui inoblidable i \u00fanic. Cada [&hellip;]<\/p>\n","protected":false},"author":44,"featured_media":0,"parent":0,"menu_order":0,"comment_status":"closed","ping_status":"closed","template":"","meta":{"spay_email":"","_joinchat":[]},"yoast_head":"<!-- This site is optimized with the Yoast SEO plugin v19.0 - https:\/\/yoast.com\/wordpress\/plugins\/seo\/ -->\n<title>Bodes i esdeveniments - ARROYO FLORISTERIA LLEIDA FLORES CEREMONIAS EVENTOS PLANTAS ROSAS SANT JORDI SANT VALENTIN NACIMIENTOS PELUCHES PELUIX CORONAS FUNERARIAS JARRONES CORONES FUNERARIES COMPLEMENTOS ONLINE AVINGUDA BALMES OFERTA SEMANAL FACEBOOK ROSAS ORQUIDIAS RAMOS CENTROS TENDENCIAS FLORALES BODAS RAMO DE NOVIAS DIA DE LA MADRE MARE<\/title>\n<meta name=\"robots\" content=\"index, follow, max-snippet:-1, max-image-preview:large, max-video-preview:-1\" \/>\n<link rel=\"canonical\" href=\"https:\/\/arroyofloristeria.com\/ca\/bodas-y-eventos\/\" \/>\n<meta property=\"og:locale\" content=\"ca_ES\" \/>\n<meta property=\"og:type\" content=\"article\" \/>\n<meta property=\"og:title\" content=\"Bodes i esdeveniments - ARROYO FLORISTERIA LLEIDA FLORES CEREMONIAS EVENTOS PLANTAS ROSAS SANT JORDI SANT VALENTIN NACIMIENTOS PELUCHES PELUIX CORONAS FUNERARIAS JARRONES CORONES FUNERARIES COMPLEMENTOS ONLINE AVINGUDA BALMES OFERTA SEMANAL FACEBOOK ROSAS ORQUIDIAS RAMOS CENTROS TENDENCIAS FLORALES BODAS RAMO DE NOVIAS DIA DE LA MADRE MARE\" \/>\n<meta property=\"og:description\" content=\"[vc_row][vc_column][vc_column_text] A FLORISTERIA ARROYO CADA BODA I ESDEVENIMENT \u00c9S DIFERENT. [\/vc_column_text][vc_empty_space][vc_column_text] Els dissenys que creguem per a les teves noces s\u00f3n diferents i especials. Ens adaptem a tu, a l&#8217;espai que has triat i als teus gustos, posem els nostres 50anys d&#8217;experi\u00e8ncia a la teva disposici\u00f3 perqu\u00e8 el teu dia sigui inoblidable i \u00fanic. Cada [&hellip;]\" \/>\n<meta property=\"og:url\" content=\"https:\/\/arroyofloristeria.com\/ca\/bodas-y-eventos\/\" \/>\n<meta property=\"og:site_name\" content=\"ARROYO FLORISTERIA LLEIDA FLORES CEREMONIAS EVENTOS PLANTAS ROSAS SANT JORDI SANT VALENTIN NACIMIENTOS PELUCHES PELUIX CORONAS FUNERARIAS JARRONES CORONES FUNERARIES COMPLEMENTOS ONLINE AVINGUDA BALMES OFERTA SEMANAL FACEBOOK ROSAS ORQUIDIAS RAMOS CENTROS TENDENCIAS FLORALES BODAS RAMO DE NOVIAS DIA DE LA MADRE MARE\" \/>\n<meta property=\"article:publisher\" content=\"https:\/\/www.facebook.com\/floristeriaArroyoLleida\/\" \/>\n<meta property=\"article:modified_time\" content=\"2021-11-29T09:16:15+00:00\" \/>\n<meta name=\"twitter:card\" content=\"summary_large_image\" \/>\n<meta name=\"twitter:label1\" content=\"Temps estimat de lectura\" \/>\n\t<meta name=\"twitter:data1\" content=\"1 minut\" \/>\n<script type=\"application\/ld+json\" class=\"yoast-schema-graph\">{\"@context\":\"https:\/\/schema.org\",\"@graph\":[{\"@type\":\"WebSite\",\"@id\":\"https:\/\/arroyofloristeria.com\/es\/#website\",\"url\":\"https:\/\/arroyofloristeria.com\/es\/\",\"name\":\"ARROYO FLORISTERIA LLEIDA FLORES CEREMONIAS EVENTOS PLANTAS ROSAS SANT JORDI SANT VALENTIN NACIMIENTOS PELUCHES PELUIX CORONAS FUNERARIAS JARRONES CORONES FUNERARIES COMPLEMENTOS ONLINE AVINGUDA BALMES OFERTA SEMANAL FACEBOOK ROSAS ORQUIDIAS RAMOS CENTROS TENDENCIAS FLORALES BODAS RAMO DE NOVIAS DIA DE LA MADRE MARE\",\"description\":\"ARROYO FLORISTERIA LLEIDA FLORES CEREMONIAS EVENTOS PLANTAS ROSAS SANT JORDI SANT VALENTIN NACIMIENTOS PELUCHES PELUIX CORONAS FUNERARIAS JARRONES CORENES FUNERARIES COMPLEMENTOS ONLINE AVINGUDA BALMES OFERTA SEMANAL FACEBOOK ROSAS ORQUIDIAS RAMOS CENTROS TENDENCIAS FLORALES BODAS RAMO DE NOVIAS DIA DE LA MADRE MARE\",\"potentialAction\":[{\"@type\":\"SearchAction\",\"target\":{\"@type\":\"EntryPoint\",\"urlTemplate\":\"https:\/\/arroyofloristeria.com\/es\/?s={search_term_string}\"},\"query-input\":\"required name=search_term_string\"}],\"inLanguage\":\"ca\"},{\"@type\":\"WebPage\",\"@id\":\"https:\/\/arroyofloristeria.com\/ca\/bodas-y-eventos\/#webpage\",\"url\":\"https:\/\/arroyofloristeria.com\/ca\/bodas-y-eventos\/\",\"name\":\"Bodes i esdeveniments - ARROYO FLORISTERIA LLEIDA FLORES CEREMONIAS EVENTOS PLANTAS ROSAS SANT JORDI SANT VALENTIN NACIMIENTOS PELUCHES PELUIX CORONAS FUNERARIAS JARRONES CORONES FUNERARIES COMPLEMENTOS ONLINE AVINGUDA BALMES OFERTA SEMANAL FACEBOOK ROSAS ORQUIDIAS RAMOS CENTROS TENDENCIAS FLORALES BODAS RAMO DE NOVIAS DIA DE LA MADRE MARE\",\"isPartOf\":{\"@id\":\"https:\/\/arroyofloristeria.com\/es\/#website\"},\"datePublished\":\"2017-11-07T17:52:53+00:00\",\"dateModified\":\"2021-11-29T09:16:15+00:00\",\"breadcrumb\":{\"@id\":\"https:\/\/arroyofloristeria.com\/ca\/bodas-y-eventos\/#breadcrumb\"},\"inLanguage\":\"ca\",\"potentialAction\":[{\"@type\":\"ReadAction\",\"target\":[\"https:\/\/arroyofloristeria.com\/ca\/bodas-y-eventos\/\"]}]},{\"@type\":\"BreadcrumbList\",\"@id\":\"https:\/\/arroyofloristeria.com\/ca\/bodas-y-eventos\/#breadcrumb\",\"itemListElement\":[{\"@type\":\"ListItem\",\"position\":1,\"name\":\"Portada\",\"item\":\"https:\/\/arroyofloristeria.com\/\"},{\"@type\":\"ListItem\",\"position\":2,\"name\":\"Bodes i esdeveniments\"}]}]}<\/script>\n<!-- \/ Yoast SEO plugin. -->","yoast_head_json":{"title":"Bodes i esdeveniments - ARROYO FLORISTERIA LLEIDA FLORES CEREMONIAS EVENTOS PLANTAS ROSAS SANT JORDI SANT VALENTIN NACIMIENTOS PELUCHES PELUIX CORONAS FUNERARIAS JARRONES CORONES FUNERARIES COMPLEMENTOS ONLINE AVINGUDA BALMES OFERTA SEMANAL FACEBOOK ROSAS ORQUIDIAS RAMOS CENTROS TENDENCIAS FLORALES BODAS RAMO DE NOVIAS DIA DE LA MADRE MARE","robots":{"index":"index","follow":"follow","max-snippet":"max-snippet:-1","max-image-preview":"max-image-preview:large","max-video-preview":"max-video-preview:-1"},"canonical":"https:\/\/arroyofloristeria.com\/ca\/bodas-y-eventos\/","og_locale":"ca_ES","og_type":"article","og_title":"Bodes i esdeveniments - ARROYO FLORISTERIA LLEIDA FLORES CEREMONIAS EVENTOS PLANTAS ROSAS SANT JORDI SANT VALENTIN NACIMIENTOS PELUCHES PELUIX CORONAS FUNERARIAS JARRONES CORONES FUNERARIES COMPLEMENTOS ONLINE AVINGUDA BALMES OFERTA SEMANAL FACEBOOK ROSAS ORQUIDIAS RAMOS CENTROS TENDENCIAS FLORALES BODAS RAMO DE NOVIAS DIA DE LA MADRE MARE","og_description":"[vc_row][vc_column][vc_column_text] A FLORISTERIA ARROYO CADA BODA I ESDEVENIMENT \u00c9S DIFERENT. [\/vc_column_text][vc_empty_space][vc_column_text] Els dissenys que creguem per a les teves noces s\u00f3n diferents i especials. Ens adaptem a tu, a l&#8217;espai que has triat i als teus gustos, posem els nostres 50anys d&#8217;experi\u00e8ncia a la teva disposici\u00f3 perqu\u00e8 el teu dia sigui inoblidable i \u00fanic. Cada [&hellip;]","og_url":"https:\/\/arroyofloristeria.com\/ca\/bodas-y-eventos\/","og_site_name":"ARROYO FLORISTERIA LLEIDA FLORES CEREMONIAS EVENTOS PLANTAS ROSAS SANT JORDI SANT VALENTIN NACIMIENTOS PELUCHES PELUIX CORONAS FUNERARIAS JARRONES CORONES FUNERARIES COMPLEMENTOS ONLINE AVINGUDA BALMES OFERTA SEMANAL FACEBOOK ROSAS ORQUIDIAS RAMOS CENTROS TENDENCIAS FLORALES BODAS RAMO DE NOVIAS DIA DE LA MADRE MARE","article_publisher":"https:\/\/www.facebook.com\/floristeriaArroyoLleida\/","article_modified_time":"2021-11-29T09:16:15+00:00","twitter_card":"summary_large_image","twitter_misc":{"Temps estimat de lectura":"1 minut"},"schema":{"@context":"https:\/\/schema.org","@graph":[{"@type":"WebSite","@id":"https:\/\/arroyofloristeria.com\/es\/#website","url":"https:\/\/arroyofloristeria.com\/es\/","name":"ARROYO FLORISTERIA LLEIDA FLORES CEREMONIAS EVENTOS PLANTAS ROSAS SANT JORDI SANT VALENTIN NACIMIENTOS PELUCHES PELUIX CORONAS FUNERARIAS JARRONES CORONES FUNERARIES COMPLEMENTOS ONLINE AVINGUDA BALMES OFERTA SEMANAL FACEBOOK ROSAS ORQUIDIAS RAMOS CENTROS TENDENCIAS FLORALES BODAS RAMO DE NOVIAS DIA DE LA MADRE MARE","description":"ARROYO FLORISTERIA LLEIDA FLORES CEREMONIAS EVENTOS PLANTAS ROSAS SANT JORDI SANT VALENTIN NACIMIENTOS PELUCHES PELUIX CORONAS FUNERARIAS JARRONES CORENES FUNERARIES COMPLEMENTOS ONLINE AVINGUDA BALMES OFERTA SEMANAL FACEBOOK ROSAS ORQUIDIAS RAMOS CENTROS TENDENCIAS FLORALES BODAS RAMO DE NOVIAS DIA DE LA MADRE MARE","potentialAction":[{"@type":"SearchAction","target":{"@type":"EntryPoint","urlTemplate":"https:\/\/arroyofloristeria.com\/es\/?s={search_term_string}"},"query-input":"required name=search_term_string"}],"inLanguage":"ca"},{"@type":"WebPage","@id":"https:\/\/arroyofloristeria.com\/ca\/bodas-y-eventos\/#webpage","url":"https:\/\/arroyofloristeria.com\/ca\/bodas-y-eventos\/","name":"Bodes i esdeveniments - ARROYO FLORISTERIA LLEIDA FLORES CEREMONIAS EVENTOS PLANTAS ROSAS SANT JORDI SANT VALENTIN NACIMIENTOS PELUCHES PELUIX CORONAS FUNERARIAS JARRONES CORONES FUNERARIES COMPLEMENTOS ONLINE AVINGUDA BALMES OFERTA SEMANAL FACEBOOK ROSAS ORQUIDIAS RAMOS CENTROS TENDENCIAS FLORALES BODAS RAMO DE NOVIAS DIA DE LA MADRE MARE","isPartOf":{"@id":"https:\/\/arroyofloristeria.com\/es\/#website"},"datePublished":"2017-11-07T17:52:53+00:00","dateModified":"2021-11-29T09:16:15+00:00","breadcrumb":{"@id":"https:\/\/arroyofloristeria.com\/ca\/bodas-y-eventos\/#breadcrumb"},"inLanguage":"ca","potentialAction":[{"@type":"ReadAction","target":["https:\/\/arroyofloristeria.com\/ca\/bodas-y-eventos\/"]}]},{"@type":"BreadcrumbList","@id":"https:\/\/arroyofloristeria.com\/ca\/bodas-y-eventos\/#breadcrumb","itemListElement":[{"@type":"ListItem","position":1,"name":"Portada","item":"https:\/\/arroyofloristeria.com\/"},{"@type":"ListItem","position":2,"name":"Bodes i esdeveniments"}]}]}},"_links":{"self":[{"href":"https:\/\/arroyofloristeria.com\/ca\/wp-json\/wp\/v2\/pages\/1153"}],"collection":[{"href":"https:\/\/arroyofloristeria.com\/ca\/wp-json\/wp\/v2\/pages"}],"about":[{"href":"https:\/\/arroyofloristeria.com\/ca\/wp-json\/wp\/v2\/types\/page"}],"author":[{"embeddable":true,"href":"https:\/\/arroyofloristeria.com\/ca\/wp-json\/wp\/v2\/users\/44"}],"replies":[{"embeddable":true,"href":"https:\/\/arroyofloristeria.com\/ca\/wp-json\/wp\/v2\/comments?post=1153"}],"version-history":[{"count":50,"href":"https:\/\/arroyofloristeria.com\/ca\/wp-json\/wp\/v2\/pages\/1153\/revisions"}],"predecessor-version":[{"id":4319,"href":"https:\/\/arroyofloristeria.com\/ca\/wp-json\/wp\/v2\/pages\/1153\/revisions\/4319"}],"wp:attachment":[{"href":"https:\/\/arroyofloristeria.com\/ca\/wp-json\/wp\/v2\/media?parent=1153"}],"curies":[{"name":"wp","href":"https:\/\/api.w.org\/{rel}","templated":true}]}}

<p>[vc_row][vc_column][vc_column_text]</p>
<h1 style="text-align: center;">A FLORISTERIA ARROYO CADA BODA I ESDEVENIMENT ÉS DIFERENT.</h1>
<p>[/vc_column_text][vc_empty_space][vc_column_text]</p>
<p style="text-align: center;">Els dissenys que creguem per a les teves noces són diferents i especials.</p>
<p style="text-align: center;">Ens adaptem a tu, a l&#8217;espai que has triat i als teus gustos, posem els nostres 50anys<br />
d&#8217;experiència a la teva disposició perquè el teu dia sigui inoblidable i únic.<br />
Cada client és diferent i requereix de tota nostra atenció, ens bolquem que tot sigui un<br />
èxit.<br />
Per això és important que per a tenir un primer canvi d&#8217;impressions amb nosaltres, et posis<br />
en contacte amb nosaltres , en els telèfons 973244443, 973232769 i concertis una cita.<br />
Et vam mostrar unes fotos de rams de núvia i alguna decoració de cerimònia.<br />
Gràcies per confiar en nosaltres. Paloma Arroyo.</p>
<p>[/vc_column_text][vc_empty_space][/vc_column][/vc_row][vc_row][vc_column width=&#8221;1/3&#8243;][vc_single_image image=&#8221;4317&#8243; img_size=&#8221;large&#8221;][vc_empty_space][vc_single_image image=&#8221;3152&#8243; img_size=&#8221;large&#8221;][/vc_column][vc_column width=&#8221;1/3&#8243;][vc_single_image image=&#8221;3150&#8243; img_size=&#8221;large&#8221;][vc_empty_space][vc_single_image image=&#8221;3154&#8243; img_size=&#8221;large&#8221;][/vc_column][vc_column width=&#8221;1/3&#8243;][vc_single_image image=&#8221;3151&#8243; img_size=&#8221;large&#8221;][vc_empty_space][vc_single_image image=&#8221;4316&#8243; img_size=&#8221;large&#8221;][/vc_column][/vc_row]</p>

<p>[vc_row][vc_column][vc_column_text] A FLORISTERIA ARROYO CADA BODA I ESDEVENIMENT ÉS DIFERENT. [/vc_column_text][vc_empty_space][vc_column_text] Els dissenys que creguem per a les teves noces són diferents i especials. Ens adaptem a tu, a l&#8217;espai que has triat i als teus gustos, posem els nostres 50anys d&#8217;experiència a la teva disposició perquè el teu dia sigui inoblidable i únic. Cada [&hellip;]</p>

<!-- This site is optimized with the Yoast SEO plugin v19.0 - https://yoast.com/wordpress/plugins/seo/ -->
<title>Bodes i esdeveniments - ARROYO FLORISTERIA LLEIDA FLORES CEREMONIAS EVENTOS PLANTAS ROSAS SANT JORDI SANT VALENTIN NACIMIENTOS PELUCHES PELUIX CORONAS FUNERARIAS JARRONES CORONES FUNERARIES COMPLEMENTOS ONLINE AVINGUDA BALMES OFERTA SEMANAL FACEBOOK ROSAS ORQUIDIAS RAMOS CENTROS TENDENCIAS FLORALES BODAS RAMO DE NOVIAS DIA DE LA MADRE MARE</title>
<meta name="robots" content="index, follow, max-snippet:-1, max-image-preview:large, max-video-preview:-1" />
<link rel="canonical" href="https://arroyofloristeria.com/ca/bodas-y-eventos/" />
<meta property="og:locale" content="ca_ES" />
<meta property="og:type" content="article" />
<meta property="og:title" content="Bodes i esdeveniments - ARROYO FLORISTERIA LLEIDA FLORES CEREMONIAS EVENTOS PLANTAS ROSAS SANT JORDI SANT VALENTIN NACIMIENTOS PELUCHES PELUIX CORONAS FUNERARIAS JARRONES CORONES FUNERARIES COMPLEMENTOS ONLINE AVINGUDA BALMES OFERTA SEMANAL FACEBOOK ROSAS ORQUIDIAS RAMOS CENTROS TENDENCIAS FLORALES BODAS RAMO DE NOVIAS DIA DE LA MADRE MARE" />
<meta property="og:description" content="[vc_row][vc_column][vc_column_text] A FLORISTERIA ARROYO CADA BODA I ESDEVENIMENT ÉS DIFERENT. [/vc_column_text][vc_empty_space][vc_column_text] Els dissenys que creguem per a les teves noces són diferents i especials. Ens adaptem a tu, a l&#8217;espai que has triat i als teus gustos, posem els nostres 50anys d&#8217;experiència a la teva disposició perquè el teu dia sigui inoblidable i únic. Cada [&hellip;]" />
<meta property="og:url" content="https://arroyofloristeria.com/ca/bodas-y-eventos/" />
<meta property="og:site_name" content="ARROYO FLORISTERIA LLEIDA FLORES CEREMONIAS EVENTOS PLANTAS ROSAS SANT JORDI SANT VALENTIN NACIMIENTOS PELUCHES PELUIX CORONAS FUNERARIAS JARRONES CORONES FUNERARIES COMPLEMENTOS ONLINE AVINGUDA BALMES OFERTA SEMANAL FACEBOOK ROSAS ORQUIDIAS RAMOS CENTROS TENDENCIAS FLORALES BODAS RAMO DE NOVIAS DIA DE LA MADRE MARE" />
<meta property="article:publisher" content="https://www.facebook.com/floristeriaArroyoLleida/" />
<meta property="article:modified_time" content="2021-11-29T09:16:15+00:00" />
<meta name="twitter:card" content="summary_large_image" />
<meta name="twitter:label1" content="Temps estimat de lectura" />
	<meta name="twitter:data1" content="1 minut" />
<script type="application/ld+json" class="yoast-schema-graph">{"@context":"https://schema.org","@graph":[{"@type":"WebSite","@id":"https://arroyofloristeria.com/es/#website","url":"https://arroyofloristeria.com/es/","name":"ARROYO FLORISTERIA LLEIDA FLORES CEREMONIAS EVENTOS PLANTAS ROSAS SANT JORDI SANT VALENTIN NACIMIENTOS PELUCHES PELUIX CORONAS FUNERARIAS JARRONES CORONES FUNERARIES COMPLEMENTOS ONLINE AVINGUDA BALMES OFERTA SEMANAL FACEBOOK ROSAS ORQUIDIAS RAMOS CENTROS TENDENCIAS FLORALES BODAS RAMO DE NOVIAS DIA DE LA MADRE MARE","description":"ARROYO FLORISTERIA LLEIDA FLORES CEREMONIAS EVENTOS PLANTAS ROSAS SANT JORDI SANT VALENTIN NACIMIENTOS PELUCHES PELUIX CORONAS FUNERARIAS JARRONES CORENES FUNERARIES COMPLEMENTOS ONLINE AVINGUDA BALMES OFERTA SEMANAL FACEBOOK ROSAS ORQUIDIAS RAMOS CENTROS TENDENCIAS FLORALES BODAS RAMO DE NOVIAS DIA DE LA MADRE MARE","potentialAction":[{"@type":"SearchAction","target":{"@type":"EntryPoint","urlTemplate":"https://arroyofloristeria.com/es/?s={search_term_string}"},"query-input":"required name=search_term_string"}],"inLanguage":"ca"},{"@type":"WebPage","@id":"https://arroyofloristeria.com/ca/bodas-y-eventos/#webpage","url":"https://arroyofloristeria.com/ca/bodas-y-eventos/","name":"Bodes i esdeveniments - ARROYO FLORISTERIA LLEIDA FLORES CEREMONIAS EVENTOS PLANTAS ROSAS SANT JORDI SANT VALENTIN NACIMIENTOS PELUCHES PELUIX CORONAS FUNERARIAS JARRONES CORONES FUNERARIES COMPLEMENTOS ONLINE AVINGUDA BALMES OFERTA SEMANAL FACEBOOK ROSAS ORQUIDIAS RAMOS CENTROS TENDENCIAS FLORALES BODAS RAMO DE NOVIAS DIA DE LA MADRE MARE","isPartOf":{"@id":"https://arroyofloristeria.com/es/#website"},"datePublished":"2017-11-07T17:52:53+00:00","dateModified":"2021-11-29T09:16:15+00:00","breadcrumb":{"@id":"https://arroyofloristeria.com/ca/bodas-y-eventos/#breadcrumb"},"inLanguage":"ca","potentialAction":[{"@type":"ReadAction","target":["https://arroyofloristeria.com/ca/bodas-y-eventos/"]}]},{"@type":"BreadcrumbList","@id":"https://arroyofloristeria.com/ca/bodas-y-eventos/#breadcrumb","itemListElement":[{"@type":"ListItem","position":1,"name":"Portada","item":"https://arroyofloristeria.com/"},{"@type":"ListItem","position":2,"name":"Bodes i esdeveniments"}]}]}</script>
<!-- / Yoast SEO plugin. -->

[vc_row][vc_column][vc_column_text] A FLORISTERIA ARROYO CADA BODA I ESDEVENIMENT ÉS DIFERENT. [/vc_column_text][vc_empty_space][vc_column_text] Els dissenys que creguem per a les teves noces són diferents i especials. Ens adaptem a tu, a l&#8217;espai que has triat i als teus gustos, posem els nostres 50anys d&#8217;experiència a la teva disposició perquè el teu dia sigui inoblidable i únic. Cada [&hellip;]
